. Suppose -3*f - y*f = -3*o + 3, 5*o + 2*f - 5 = 0. Give n(o).
-8
Let d(y) be the third derivative of 0*y - 5/24*y**4 + 1/60*y**5 + 0 - 1/6*y**3 - 7*y**2. Determine d(5).
-1
Let q(j) = 27*j**2 - 3*j. Let r(a) = 81*a**2 - 5*a + 3. Let y(x) = 162*x**2 - 11*x + 5. Let d(c) = -5*r(c) + 3*y(c). Let t(b) = 4*d(b) - 11*q(b). What is t(1)?
28
Suppose -117*f + 122*f + 40 = 0. Let l(k) = -2*k**2 - 10*k - 9. Give l(f).
-57
Let i be 11/4 - 3/(-12). Let j be 3 + (-5)/((-5)/(-3)). Let r(p) = p + j - i + 3 - 1. Give r(-5).
-6
Let l(b) = -b**2 - b - 3*b**3 + 4 + 2*b**3 + 1. Suppose 20 = 3*z - 8*z, -5*k - 2*z - 8 = 0. Calculate l(k).
5
Let v(l) = 4*l**2 - 4*l + 13. Let t(u) = -u**3 - u**2 + 2. Let d(c) = t(c) - v(c). Calculate d(-6).
1
Let x(f) be the first derivative of -f**6/120 - f**5/30 + f**4/12 - f**3/3 - 5*f**2 + 5. Let l(g) be the second derivative of x(g). Calculate l(-3).
1
Let w(v) = v**3 - 5*v**2 + v + 5. Let i be 1/(((-1)/7)/(-1)). Let p(n) = 1715*n - n**2 + 4 - 3421*n + 1713*n. Let h be p(i). Calculate w(h).
-7
Suppose 0 = 2*j + j - 63. Suppose 4*z + 5 = s, s - 3*z = 3*s - j. Let q(i) = -14*i - s + 13*i + 4. Determine q(4).
-9
Let n(g) be the third derivative of -g**6/120 - g**4/24 + g**3/2 + 2*g**2. Let c = -395 + 395. Give n(c).
3
Let d(i) = 240*i - 118*i + 3*i**2 + 2 - 122*i. Let a = 7 - 5. Give d(a).
14
Let d(c) = c**2 + c - 3. Let b be d(-3). Suppose 0 = 2*p - 9 + b. Let f(t) = t**2 + 3. Give f(p).
12
Let i(n) = n**3 - 4*n**2 - 6*n + 1. Suppose -4*f = 4*l - 16, 0*l = -5*l - 3*f + 20. Let j(x) = -x**2 + 6*x - 3. Let o be j(l). What is i(o)?
-4
Let m(g) = -g**3 + 10*g**2 + 12*g - 15. Let w be (-15)/(60/88)*(-3)/6. Give m(w).
-4
Let i(s) = s**3 - 6*s**2 + s - 1. Suppose -4*o - 4*o + 40 = 0. Suppose -11 = -q - o*t + 5, -3*q + 2*t = -14. Determine i(q).
5
Let j(f) = -f**2 + f - 1. Let q(x) be the first derivative of x**4/4 - 13*x**3/3 + 2*x**2 - 3*x - 1. Let p(u) = -4*j(u) + q(u). Calculate p(9).
1
Suppose -3 = -6*t + 9. Let j be t - (-162)/39 - 4/26. Let c(x) = -x**3 + 6*x**2 - 2*x + 8. Determine c(j).
-4
Let y be 5/(-2) + 8/16. Let j be 8 + -7 + y/1. Let l(n) = -6*n**2 - 2*n - 2. Let v(h) = -17*h**2 - 7*h - 7. Let o(g) = -7*l(g) + 2*v(g). Determine o(j).
8
Let z(f) be the first derivative of 2*f**3 + 0*f - 22 + 1/2*f**2. Give z(-1).
5
Suppose 4*l + 2 = 2*v - 20, 0 = -l + 4*v - 23. Let g(c) be the second derivative of 0 + 5/6*c**3 + c**2 - 1/20*c**5 - 5*c - 1/12*c**4. Determine g(l).
5
Let a(v) = -14 + 0 + 9 + 4*v + 6. Let s(c) = c**2 - 5*c - 4. Let q be s(5). What is a(q)?
-15
Let g be 1/(-3) - (1 + (-242)/33). Let i(y) = y**2 - 7*y. What is i(g)?
-6
Let b(u) = u**2 - 12*u + 13. Let z be b(11). Suppose 2*j = -10 - z. Let n be 87/(-27) - j/27. Let c(o) = -o**3 - o**2 + 4*o - 1. Determine c(n).
5
Let x(g) = -g**3 + 6*g**2 + 11*g - 36. Let m = 1556 + -1549. Calculate x(m).
-8
Let j(s) = 3*s - 2. Let z(x) = -10*x + 7. Let u(a) = -7*j(a) - 2*z(a). Let p(y) = y**3 - y. Let v be p(-1). Give u(v).
0
Suppose -2*p - t - 17 = 2*t, -2*t = 3*p + 28. Let u(y) = y + 14. Calculate u(p).
4
Let k(z) be the first derivative of 1/120*z**6 - 1/8*z**4 + 1/20*z**5 + 0*z + 1/3*z**3 - 3*z**2 + 3. Let o(i) be the second derivative of k(i). Determine o(-3).
11
Let u(y) = y**3 - 6*y**2 - 10*y + 8. Suppose -87 = -16*m + 25. What is u(m)?
-13
Let q(h) be the first derivative of h**2/2 + 4*h + 34. Suppose 0 = 5*n - 2*x - 54, -6*x = -4*n - 5*x + 45. Suppose 3*i + i = n. What is q(i)?
7
Let c(t) = 895*t - 452*t - 445*t + 10. Calculate c(5).
0
Let n(j) = j**3 - 4*j**2 + 6*j - 3. Let v be n(2). Let f(z) = 39*z**3 - 2*z + 1. What is f(v)?
38
Let s(k) = -k - 7. Suppose 14 = j - 5*x, 4*j + x = 3*j + 2. Suppose 3*g - v - 37 = 0, 2*g - j*v + 9*v = 19. Let c = g + -18. Determine s(c).
-1
Let j(c) = 3*c + 4. Let b be j(-3). Let w(q) = -q**2 - 8*q - 12. Let g be w(b). Let h(i) = 0*i - 2 + 3*i - i + 4*i**2 + i**g. Calculate h(-4).
-10
Let s(q) be the second derivative of -1/20*q**5 - 3/2*q**2 - q**3 - 8*q + 0 - 1/2*q**4. What is s(-4)?
-11
Let x(v) be the third derivative of v**5/60 - v**4/24 - v**3/6 + 2*v**2. Suppose -s + 141*s = -280. Determine x(s).
5
Let r(h) = -h**2 - 4*h - 3. Let c be 15*(4 + (-12)/4). Suppose -5 = 5*g - g - u, c = -5*u. Let p be (g/(-3))/((-3)/9). What is r(p)?
1
Let x(w) = -5*w - 1. Let u(y) = 22*y - 3 - 18*y + 4. Let s = 7 + -11. Let t(i) = s*x(i) - 6*u(i). Calculate t(-3).
10
Suppose -33*s + 15*s + 72 = 0. Let w(c) = 2*c**2 - 9*c + 6. What is w(s)?
2
Let b(a) = 6 + a**2 + 9 - 16 + 0*a - 2*a. Suppose 0 = -2*i + 3*o - 2, 2*o - 3 - 1 = 0. Determine b(i).
-1
Suppose -2*y - 7*j + 10 = -2*j, 3*y - 2 = -j. Let r(z) = -3*z**3 - 20 - z + 21 - z**2 + y*z**3. Let l(n) = n**2 + 5*n - 5. Let m be l(-6). Determine r(m).
-4
Let w(h) = 8*h - 8. Let r(g) = 9*g - 4. Let v(l) = 5*r(l) - 3*w(l). Determine v(-3).
-59
Let o(c) = 2*c + 3. Let n(f) = -f**2 - 12*f + 5. Let x be n(-10). Suppose -5*d - 3*b = x, 3*d - 25 = 8*d + 5*b. Calculate o(d).
-7
Suppose -5*d - 5*k + 5 = 0, -4*k + 2 = d - 2. Suppose 4*s + d = -4. Let p(i) = 7*i**2 - i - 1. What is p(s)?
7
Let s(n) be the second derivative of -n**4/24 + 12*n**2 - 11*n. Let w(l) be the first derivative of s(l). What is w(-5)?
5
Let a(k) = 36*k - 7. Let d(o) = 35*o - 5. Let v(n) = -2*a(n) + 3*d(n). Calculate v(-1).
-34
Let t(s) = -55*s - 57*s - 7 + 109*s. What is t(-6)?
11
Suppose -5*c = -9*c. Suppose 5*p - 17 = -2*u - c*p, -5*u = p + 15. Let s(l) = -5*l - 6. What is s(u)?
14
Let l(f) = 8*f**2 + 18*f - 8. Let k(p) = 5*p**2 + 10*p - 3. Let b(w) = 5*k(w) - 3*l(w). Determine b(8).
41
Let n(b) = -5*b + 9. Let c be n(6). Let l be (0 + 1)*(c + 22). Let g(j) = 17*j**3 - j**2 - j + 1. Give g(l).
16
Let s(m) = 3 + 1 - 3*m + 5*m. Let g(f) = -2*f**3 + 2*f**2 + 9*f - 7. Let y be g(2). What is s(y)?
10
Suppose 184 = 12*p + 11*p. Let q(s) = -s + 5. Determine q(p).
-3
Let y = 0 - -1. Let p = 31 + -26. Let o(x) = 5*x - 7*x**2 + p*x**2 + 3*x**2 - y. What is o(-5)?
-1
Let j(a) be the third derivative of 0 - 1/6*a**4 + 0*a + 3*a**2 - 1/3*a**3 + 1/60*a**5. Determine j(5).
3
Let o(n) be the second derivative of -n**3/6 - 4*n**2 + 148*n - 1. Give o(-7).
-1
Let i = 397 + -386. Let j(x) = x - 14. Determine j(i).
-3
Let l(r) = r**2 - 7*r + 1. Let o(u) = u**2 - 7*u + 1. Let v(w) = 6*l(w) - 5*o(w). Let h be 5 + (-1)/1 + -2 + 4. Give v(h).
-5
Suppose -2*v + 0*v = 0. Suppose -2*a + a + 2 = v. Let c(i) = -1 - 3*i**3 - 2*i**3 + a*i**3. What is c(1)?
-4
Let d be 2 + (-2)/(2/(-3)). Let c be ((-16)/(-10))/(2/d). Let o(t) be the second derivative of -t**3/6 + 3*t**2/2 - 5*t + 1. What is o(c)?
-1
Let d(q) = 3*q**3 + 15*q**2 - 4*q + 11. Let g(x) = -4*x**3 - 16*x**2 + 6*x - 11. Let b(k) = 3*d(k) + 2*g(k). Determine b(-13).
11
Let u(g) = -g**2 + g + 9. Let s(m) = -3*m**2 - 4*m + 24. Let a(q) = -q**2 - q + 8. Let f(t) = -7*a(t) + 2*s(t). Let o(h) = 6*f(h) + 5*u(h). Calculate o(3).
3
Let c(p) be the first derivative of -p**4/4 - 2*p**3 - 2*p**2 + 5*p + 73. Give c(-5).
0
Let h(k) be the second derivative of -k**4/12 + k**3/2 + 3*k - 3. Let i(z) = -z**2 - 5*z - 2. Let j be i(-3). Calculate h(j).
-4
Let s(q) = q**2 - 4. Let u be ((15/(-6))/5)/(1/90). Let b = 49 + u. Determine s(b).
12
Let y(i) = i**3 + 9*i**2 - 11*i + 14. Let m be (-18)/12*((-32)/(-12) + 4). What is y(m)?
24
Let m = -3 + 10. Suppose 8 = 4*t - 2*a + a, 0 = -4*a. Let w(d) = 4*d - 3*d**2 - 2 + m*d**t + 1 - 2*d**2. Calculate w(-3).
5
Suppose 0 = -2*h + 3*h + t - 8, 0 = -4*h - 3*t + 31. Let r(a) = -a - 6. Let u be r(-8). Let p(l) = 5*l**2 - l**3 + 2*l**u + 9 + 0*l**2 - 2*l. Calculate p(h).
-5
Let h(v) = 3*v**3 + 15*v**2 - 21*v - 38. Let t(w) = w**3 + 5*w**2 - 7*w - 12. Let b(x) = -2*h(x) + 7*t(x). What is b(-6)?
-2
Let x(u) = -u**2 + 33*u - 39. Let n be x(32). Let v(p) = p + 4. What is v(n)?
-3
Let a(d) = 10*d**3 - 23*d**2 + 13*d - 16. Let c(s) = -3*s**3 + 7*s**2 - 4*s + 5. Let n(y) = -4*a(y) - 13*c(y). Let q be 1/(-3)*(-3)/1. Give n(q).
-1
Let r = -44 + 66. Let m(n) = -2*n + r - 21 + n + n**2. Determine m(0).
1
Let a(g) be the first derivative of -11*g**2 - 45. Calculate a(1).
-22
Let d(j) be the first derivative of j**2 + 6*j - 731. Give d(-7).
-8
Let f be (-3 + 7 + 1)*(-14)/35. Let i(z) = 8*z - 3. Determine i(f).
-19
Let o(b) = -b**2 + b + 1. Let v(d) = 5*d**2 - 3*d - 4. Suppose 4*h = 8*h + 56. Let n = 15 + 